s 89320 a multiple of 613?
False
Does 171 divide 48906?
True
Does 312 divide 3883152?
True
Is 274757 a multiple of 195?
False
Does 269 divide 4084227?
True
Is 10406305 a multiple of 51?
False
Is 443647 a multiple of 184?
False
Is 404018 a multiple of 59?
False
Does 9 divide 193950?
True
Is 104007 a multiple of 17?
False
Is 68544 a multiple of 126?
True
Is 303466 a multiple of 134?
False
Is 74 a factor of 896102?
False
Is 278 a factor of 2732740?
True
Is 37 a factor of 1179264?
True
Does 5 divide 2948855?
True
Is 33 a factor of 47670?
False
Is 50 a factor of 161936?
False
Is 3389472 a multiple of 144?
True
Is 19967 a multiple of 64?
False
Does 8 divide 276489?
False
Is 5 a factor of 163270?
True
Does 165 divide 6968858?
False
Is 536 a factor of 168304?
True
Is 854435 a multiple of 850?
False
Is 5 a factor of 387806?
False
Is 54 a factor of 583157?
False
Does 30 divide 37230?
True
Does 56 divide 63820?
False
Is 17 a factor of 366823?
False
Does 359 divide 191347?
True
Is 6309753 a multiple of 4?
False
Is 150075 a multiple of 207?
True
Is 11 a factor of 44429?
True
Is 286 a factor of 3096086?
False
Is 31 a factor of 74997?
False
Is 55 a factor of 8458725?
True
Is 146196 a multiple of 31?
True
Is 5 a factor of 145290?
True
Is 2 a factor of 54246?
True
Is 6 a factor of 3123207?
False
Is 5758493 a multiple of 5?
False
Is 1671732 a multiple of 9?
True
Does 5 divide 2507212?
False
Is 29 a factor of 162458?
True
Is 52 a factor of 1429016?
False
Is 5359809 a multiple of 185?
False
Is 3465737 a multiple of 54?
False
Is 729 a factor of 16555810?
False
Is 36805 a multiple of 26?
False
Is 266 a factor of 6919981?
False
Is 456 a factor of 4775468?
False
Is 16 a factor of 146128?
True
Is 71 a factor of 32802?
True
Is 1607541 a multiple of 141?
True
Does 98 divide 292085?
False
Does 12 divide 12564?
True
Is 3 a factor of 6808?
False
Does 113 divide 2110614?
True
Is 1322216 a multiple of 174?
False
Is 30 a factor of 785424?
False
Is 945011 a multiple of 320?
False
Does 26 divide 93626?
True
Does 13 divide 119249?
True
Does 3162 divide 23885748?
True
Is 21 a factor of 4490619?
True
Is 6 a factor of 90294?
True
Does 34 divide 69293?
False
Is 3 a factor of 378209?
False
Is 354511 a multiple of 16?
False
Does 593 divide 363792?
False
Is 146061 a multiple of 192?
False
Is 42910 a multiple of 14?
True
Is 125 a factor of 759605?
False
Is 1506645 a multiple of 105?
True
Is 3977914 a multiple of 47?
False
Is 283184 a multiple of 16?
True
Is 24886 a multiple of 23?
True
Is 392 a factor of 305368?
True
Is 8 a factor of 424364?
False
Does 4 divide 106072?
True
Is 272 a factor of 9113943?
False
Is 488888 a multiple of 8?
True
Does 4 divide 5627360?
True
Is 221038 a multiple of 48?
False
Does 207 divide 2102382?
False
Is 168514 a multiple of 10?
False
Is 37 a factor of 2497537?
True
Does 8 divide 66267?
False
Is 171 a factor of 318060?
True
Is 837058 a multiple of 32?
False
Is 40 a factor of 284560?
True
Is 2587667 a multiple of 19?
True
Does 10 divide 284260?
True
Does 10 divide 3699569?
False
Does 69 divide 1503234?
True
Is 67 a factor of 715761?
True
Does 480 divide 10049474?
False
Is 85 a factor of 70465?
True
Is 105912 a multiple of 36?
True
Is 119 a factor of 265363?
False
Does 95 divide 423866?
False
Is 23176 a multiple of 2?
True
Is 1357 a multiple of 23?
True
Is 176111 a multiple of 31?
True
Is 349483 a multiple of 130?
False
Is 191583 a multiple of 2?
False
Is 17 a factor of 49079?
True
Is 14 a factor of 448?
True
Is 18786819 a multiple of 13?
False
Does 98 divide 187376?
True
Does 104 divide 60682?
False
Is 1314290 a multiple of 10?
True
Is 112413 a multiple of 61?
False
Is 278594 a multiple of 7?
False
Does 6 divide 41322?
True
Is 126 a factor of 842184?
True
Is 5432365 a multiple of 93?
False
Is 11 a factor of 13067593?
True
Is 7285428 a multiple of 942?
True
Is 12 a factor of 2331144?
True
Is 8 a factor of 4469939?
False
Is 13 a factor of 165776?
True
Is 2180 a factor of 25799496?
False
Is 2197 a factor of 9874375?
False
Does 11 divide 66770?
True
Does 17 divide 553889?
False
Is 127654 a multiple of 38?
False
Is 71836 a multiple of 82?
False
Is 21 a factor of 852770?
False
Is 181902 a multiple of 16?
False
Is 48 a factor of 182928?
True
Is 1054760 a multiple of 40?
True
Does 10 divide 517430?
True
Does 4 divide 603779?
False
Does 136 divide 65704?
False
Is 30 a factor of 5104066?
False
Does 24 divide 2146550?
False
Is 3109288 a multiple of 802?
False
Is 360 a factor of 464170?
False
Is 40 a factor of 2531700?
False
Is 4 a factor of 999537?
False
Does 73 divide 4804198?
False
Is 27 a factor of 774225?
True
Is 2485158 a multiple of 422?
True
Is 66731 even?
False
Does 58 divide 3966968?
True
Is 503 a factor of 150397?
True
Does 11 divide 492778?
True
Does 239 divide 3257542?
False
Does 32 divide 89176?
False
Is 14 a factor of 144676?
True
Is 71 a factor of 9656?
True
Is 106374 a multiple of 60?
False
Is 5181192 a multiple of 1224?
True
Is 176286 a multiple of 119?
False
Is 4148235 a multiple of 45?
True
Does 25 divide 692?
False
Is 171735 a multiple of 103?
False
Is 27 a factor of 197775?
True
Is 739 a factor of 6514737?
False
Is 654103 a multiple of 255?
False
Does 15 divide 723405?
True
Is 87 a factor of 868956?
True
Is 1037008 a multiple of 24?
False
Is 5890 a multiple of 40?
False
Does 41 divide 61336?
True
Does 84 divide 346634?
False
Does 83 divide 23369?
False
Is 402 a factor of 10882433?
False
Is 12 a factor of 37311?
False
Is 222 a factor of 564427?
False
Does 72 divide 236592?
True
Is 12 a factor of 36596?
False
Is 23 a factor of 909305?
True
Does 5 divide 2332325?
True
Is 12 a factor of 5319561?
False
Does 232 divide 6307384?
True
Is 3093541 a multiple of 17?
True
Does 9 divide 96336?
True
Is 9150 a multiple of 3?
True
Does 1381 divide 2045261?
True
Does 269 divide 1605123?
True
Does 162 divide 290466?
True
Does 16 divide 1301056?
True
Is 51898 a multiple of 154?
True
Does 412 divide 333619?
False
Does 26 divide 156780?
True
Is 21764150 a multiple of 50?
True
Is 788295 a multiple of 34?
False
Does 393 divide 7530311?
False
Is 129 a factor of 15480?
True
Is 295 a factor of 105610?
True
Is 225 a factor of 6443760?
False
Is 48 a factor of 485712?
True
Does 747 divide 19705860?
True
Is 23 a factor of 635743?
True
Is 2680770 a multiple of 1389?
True
Does 491 divide 243045?
True
Is 26 a factor of 435734?
True
Does 47 divide 1643452?
False
Is 14 a factor of 55440?
True
Does 67 divide 93919?
False
Does 220 divide 2218666?
False
Does 6 divide 612131?
False
Is 319 a factor of 877888?
True
Does 83 divide 301072?
False
Is 291 a factor of 65184?
True
Is 1281072 a multiple of 104?
True
Is 14 a factor of 845206?
False
Does 8 divide 352670?
False
Is 50272 a multiple of 160?
False
Is 5754184 a multiple of 893?
False
Is 6196608 a multiple of 192?
True
Does 111 divide 137751?
True
Does 16 divide 274480?
True
Is 5 a factor of 2570665?
True
Is 191 a factor of 962946?
False
Is 2 a factor of 393058?
True
Does 51 divide 459612?
True
Is 50203 a multiple of 98?
False
Is 1941792 a multiple of 32?
True
Does 20 divide 2274020?
True
Is 7 a factor of 109721?
False
Is 527184 a multiple of 10?
False
Is 796248 a multiple of 43?
False
Is 812690 a multiple of 103?
False
Is 496552 a multiple of 4?
True
Is 400490 a multiple of 58?
True
Is 339 a factor of 908381?
False
Is 41 a factor of 8213879?
False
Is 124 a factor of 2239657?
False
Is 4911128 a multiple of 26?
False
Does 4 divide 1347868?
True
Does 123 divide 234070?
False
Is 183 a factor of 200058?
False
Does 12 divide 2956176?
True
Does 60 divide 525872?
False
Is 337 a factor of 218039?
True
Is 489686 a multiple of 136?
False
Is 720 a factor of 883007?
False
Is 114601 a multiple of 9?
False
Does 11 divide 6334035?
False
Does 216 divide 4578079?
False
Does 120 divide 74367?
False
Is 743 a factor of 15837045?
True
Is 4 a factor of 138244?
True
Is 1092504 a multiple of 3?
True
Does 1511 divide 13355509?
False
Does 347 divide 2127305?
False
Is 102 a factor of 409836?
True
Is 539 a factor of 3931139?
False
Is 115938 a multiple of 113?
True
Is 991719 a multiple of 15?
False
Is 22 a factor of 104610?
True
Is 2 a factor of 4039?
False
Is 406 a factor of 6780?
False
Does 4 divide 288559?
False
Does 179 divide 468085?
True
Is 87 a factor of 